24558?
5
What is the units digit of 9288?
8
What is the ten thousands digit of 2448786?
4
What is the thousands digit of 451724?
1
What is the thousands digit of 2744?
2
What is the units digit of 569467?
7
What is the tens digit of 205416?
1
What is the thousands digit of 677574?
7
What is the thousands digit of 3159442?
9
What is the hundred thousands digit of 6405205?
4
What is the hundreds digit of 1202392?
3
What is the thousands digit of 569746?
9
What is the millions digit of 25416044?
5
What is the ten millions digit of 27002868?
2
What is the hundreds digit of 1283225?
2
What is the thousands digit of 324492?
4
What is the millions digit of 1592089?
1
What is the hundreds digit of 610740?
7
What is the ten thousands digit of 88503?
8
What is the hundreds digit of 4673649?
6
What is the thousands digit of 12787627?
7
What is the tens digit of 422334?
3
What is the thousands digit of 184417?
4
What is the ten millions digit of 15738583?
1
What is the tens digit of 81899?
9
What is the ten millions digit of 11041067?
1
What is the millions digit of 9111818?
9
What is the thousands digit of 3164787?
4
What is the units digit of 64243?
3
What is the hundreds digit of 588976?
9
What is the tens digit of 215985?
8
What is the hundred thousands digit of 2800655?
8
What is the units digit of 974270?
0
What is the ten thousands digit of 444122?
4
What is the ten thousands digit of 15144?
1
What is the millions digit of 7999741?
7
What is the hundreds digit of 859998?
9
What is the hundred thousands digit of 277740?
2
What is the thousands digit of 1056889?
6
What is the thousands digit of 5982786?
2
What is the units digit of 3951933?
3
What is the hundred thousands digit of 7593678?
5
What is the thousands digit of 4732742?
2
What is the hundred thousands digit of 185768?
1
What is the hundred thousands digit of 331089?
3
What is the tens digit of 3993152?
5
What is the hundred thousands digit of 991975?
9
What is the hundreds digit of 422463?
4
What is the tens digit of 1735775?
7
What is the units digit of 2490594?
4
What is the units digit of 1426216?
6
What is the ten thousands digit of 2080594?
8
What is the hundred thousands digit of 359703?
3
What is the hundred thousands digit of 13352769?
3
What is the ten thousands digit of 199562?
9
What is the units digit of 4935360?
0
What is the thousands digit of 289308?
9
What is the tens digit of 82168?
6
What is the ten thousands digit of 336771?
3
What is the hundreds digit of 364620?
6
What is the tens digit of 10482635?
3
What is the millions digit of 1142884?
1
What is the millions digit of 1644348?
1
What is the hundred thousands digit of 199185?
1
What is the thousands digit of 4566?
4
What is the tens digit of 23968998?
9
What is the hundreds digit of 1013235?
2
What is the units digit of 332835?
5
What is the hundreds digit of 563313?
3
What is the thousands digit of 461970?
1
What is the hundreds digit of 232265?
2
What is the ten thousands digit of 13423082?
2
What is the tens digit of 26719043?
4
What is the thousands digit of 206326?
6
What is the ten thousands digit of 3119158?
1
What is the units digit of 19888112?
2
What is the units digit of 7855?
5
What is the hundred thousands digit of 2978850?
9
What is the hundred thousands digit of 476952?
4
What is the units digit of 2282988?
8
What is the units digit of 14368337?
7
What is the millions digit of 4686791?
4
What is the ten thousands digit of 4134574?
3
What is the thousands digit of 511457?
1
What is the hundreds digit of 5091806?
8
What is the units digit of 436368?
8
What is the hundred thousands digit of 5453607?
4
What is the hundred thousands digit of 20913777?
9
What is the hundred thousands digit of 157916?
1
What is the hundreds digit of 395660?
6
What is the hundred thousands digit of 2692756?
6
What is the tens digit of 5398738?
3
What is the thousands digit of 69431?
9
What is the hundreds digit of 721?
7
What is the units digit of 13409958?
8
What is the hundred thousands digit of 174416?
1
What is the units digit of 28894?
4
What is the ten thousands digit of 3110022?
1
What is the units digit of 206892?
2
What is the ten thousands digit of 198905?
9
What is the hundred thousands digit of 4603801?
6
What is the units digit of 17820881?
1
What is the millions digit of 1628418?
1
What is the tens digit of 1711777?
7
What is the tens digit of 145817?
1
What is the hundred thousands digit of 585261?
5
What is the tens digit of 130889?
8
What is the ten thousands digit of 164322?
6
What is the ten thousands digit of 9327391?
2
What is the hundreds digit of 1545093?
0
What is the ten thousands digit of 272545?
7
What is the tens digit of 344627?
2
What is the tens digit of 338328?
2
What is the ten thousands digit of 4997376?
9
What is the thousands digit of 20075085?
5
What is the hundred thousands digit of 16797383?
7
What is the ten thousands digit of 392661?
9
What is the tens digit of 27852846?
4
What is the hundred thousands digit of 197800?
1
What is the units digit of 4578947?
7
What is the hundred thousands digit of 180074?
1
What is the tens digit of 158752?
5
What is the thousands digit of 45457?
5
What is the hundreds digit of 113716?
7
What is the thousands digit of 32779178?
9
What is the tens digit of 329798?
9
What is the hundreds digit of 4098955?
9
What is the tens digit of 54152?
5
What is the tens digit of 5495997?
9
What is the tens digit of 4057736?
3
What is the hundreds digit of 4579479?
4
What is the hundreds digit of 333047?
0
What is the hundred thousands digit of 10299551?
2
What is the tens digit of 391947?
4
What is the thousands digit of 366692?
6
What is the hundreds digit of 47960?
9
What is the thousands digit of 1169560?
9
What is the units digit of 253408?
8
What is the ten thousands digit of 19088240?
8
What is the millions digit of 3310917?
3
What is the millions digit of 12156447?
2
What is the tens digit of 14247928?
2
What is the hundred thousands digit of 6086480?
0
What is the units digit of 8626?
6
What is the hundreds digit of 1938089?
0
What is the hundreds digit of 5676127?
1
What is the ten thousands digit of 1508145?
0
What is the units digit of 227884?
4
What is the hundred thousands digit of 279399?
2
What is the ten thousands digit of 43488?
4
What is the units digit of 251157?
7
What is the tens digit of 8084?
8
What is the tens digit of 4135574?
7
What is the hundreds digit of 811723?
7
What is the units digit of 224794?
4
What is the thousands digit of 18056?
8
What is the hundreds digit of 138897?
8
What is the hundreds digit of 3613984?
9
What is the thousands digit of 1157050?
7
What is the hundred thousands digit of 2655450?
6
What is the tens digit of 3062733?
3
What is the ten thousands digit of 1798721?
9
What is the tens digit of 6924921?
2
What is the tens digit of 18444905?
0
What is the tens digit of 2281774?
7
What is the units digit of 2626202?
2
What is the thousands digit of 355647?
5
What is the thousands digit of 2957596?
7
What is the thousands digit of 748691?
8
What is the thousands digit of 776295?
6
What is the millions digit of 1790639?
1
What is the units digit of 3720584?
4
What is the ten thousands digit of 6678169?
7
What is the millions digit of 1313995?
1
What is the thousands digit of 14666?
4
What is the thousands digit of 35454?
5
What is the hundred thousands digit of 6811293?
8
What is the tens digit of 7578176?
7
What is the thousands digit of 258603?
8
What is the millions digit of 13654997?
3
What is the millions digit of 6202156?
6
What is the hundred thousands digit of 530721?
5
What is the ten thousands digit of 20550477?
5
What is the tens digit of 7973918?
1
What is the tens digit of 1610805?
0
What is the ten millions digit of 13725469?
1
What is the ten thousands digit of 653388?
5
What is the ten thousands digit of 63257?
6
What is the millions digit of 3406110?
3
What is the tens digit of 244475?
7
What is the ten thousands digit of 614887?
1
What is the ten thousands digit of 152849?
5
What is the hundreds digit of 2923025?
0
What is the millions digit of 4335016?
4
What is the thousands digit of 2368183?
8
What is the thousands digit of 8522092?
2
What is the hundreds digit of 5362870?
8
What is the tens digi